 x(t) = t**3 - 5*t**2 - 67*t + 714. Give x(12).
918
Let t(u) = 317*u + 5534. Give t(-18).
-172
Let m(n) = -216*n - 3290. Give m(-25).
2110
Let n(z) = -38*z**2 - 364*z + 100. Determine n(-11).
-494
Let a(u) = 1227*u + 5674. Calculate a(-6).
-1688
Let r(l) = l**2 - 400*l + 23930. Calculate r(326).
-194
Let x(p) = p**3 + 17*p**2 - 151*p - 325. Determine x(-23).
-26
Let o(j) = -2*j**2 + 2142*j + 41233. Calculate o(-19).
-187
Let h(x) = 16*x - 690. Determine h(33).
-162
Let p(v) = 6*v**2 - 2081*v + 13944. What is p(340)?
4
Let p(a) = -1315*a - 1167. What is p(-1)?
148
Let t(k) = -k**3 + 51*k**2 - 1584*k + 85042. Give t(52).
-30
Let a(c) = 151*c**2 + 1657*c + 7. Calculate a(-12).
1867
Let n(q) = 21*q**2 + 2185*q - 18. What is n(-104)?
-122
Let i(o) = o**3 - 12*o**2 - 95*o - 7. What is i(10)?
-1157
Let a(n) = 4*n**3 + 73*n**2 - 435*n + 39. Calculate a(6).
921
Let j(n) = 9*n**2 + 6*n - 77. Calculate j(-6).
211
Let z(r) = -2*r**2 + 368208*r + 2945791. Determine z(-8).
-1
Let p(v) = -5*v**3 + 851*v**2 + 689*v - 851. Calculate p(171).
4
Let t(h) = 133*h + 25942. Determine t(-197).
-259
Let z(j) = -2*j**3 - 251*j**2 - 612*j + 337. Calculate z(-123).
-32
Let v(j) = -2*j**3 - 45*j**2 + 564*j + 11806. Determine v(-24).
-2
Let u(c) = -13510*c - 391734. Calculate u(-29).
56
Let i(o) = o**2 - 4903*o - 29463. Determine i(-6).
-9
Let i(q) = -q**2 + 8075*q + 32299. Give i(-4).
-17
Let h(f) = -369*f**2 + 9603*f - 216. What is h(26)?
18
Let h(r) = r**3 + 1379*r**2 + 85409*r - 175. What is h(-65)?
-110
Let n(x) = x**2 + 1208*x + 26204. Determine n(-22).
112
Let w(z) = -41375*z - 1613620. Calculate w(-39).
5
Let z(x) = -903*x + 30717. Determine z(34).
15
Let j(r) = -15*r**3 + 5*r**2 - 773*r - 779. Calculate j(-1).
14
Let f(o) = -o**3 + 65*o**2 + 445*o - 21063. Determine f(67).
-226
Let v(n) = 5*n**2 + 80*n + 329. Give v(-10).
29
Let h(g) = 3*g**2 - 78153*g - 156307. What is h(-2)?
11
Let t(c) = -882*c**2 + 913*c + 8. What is t(1)?
39
Let n(b) = 1823*b**2 - 9*b + 5. Calculate n(1).
1819
Let k(j) = 234*j**3 + 2*j**2 - 233*j - 475. Give k(-2).
-1873
Let o(j) = 14490*j + 101500. Calculate o(-7).
70
Let b(g) = 1889*g - 377762. Calculate b(200).
38
Let i(f) = 5166*f + 315034. Calculate i(-61).
-92
Let w(f) = f**3 + 13*f**2 + 126*f + 1810. Calculate w(-13).
172
Let k(v) = -2*v**2 + 455*v - 454. Determine k(1).
-1
Let u(r) = -1991*r - 43778. Determine u(-22).
24
Let z(p) = 36619*p - 1061960. Give z(29).
-9
Let c(z) = z**2 + 4283*z - 221058. Calculate c(51).
-24
Let b(t) = -2160*t + 50196. Determine b(23).
516
Let a(q) = -2*q**2 + 1595*q - 285874. Give a(272).
-2
Let o(j) = -64*j + 2852. What is o(25)?
1252
Let m(q) = -8*q**2 + 443*q - 888. Give m(2).
-34
Let w(k) = 23*k**3 + 714*k**2 - 11*k - 1340. Give w(-31).
-38
Let t(h) = h**3 - 124*h**2 - 3824*h - 2459. Give t(-25).
16
Let c(n) = n**2 + 215*n + 10791. Determine c(-132).
-165
Let z(u) = -113*u**3 - 338*u**2 - 7*u - 22. Give z(-3).
8
Let z(p) = 35847*p - 430250. Determine z(12).
-86
Let a(n) = -n**3 + 62*n**2 + 161. Give a(62).
161
Let a(b) = 7*b**3 + 101*b**2 - 31*b + 499. Give a(-15).
64
Let u(t) = 6*t**3 + 527*t - 526. What is u(1)?
7
Let g(d) = -18*d - 397. Give g(-20).
-37
Let k(d) = -5316*d + 127568. Give k(24).
-16
Let g(p) = -2*p**3 + 74*p**2 + 205*p + 1424. Calculate g(40).
24
Let l(t) = -4*t**3 + 1178*t**2 + 273*t + 93505. Give l(295).
-10
Let o(m) = -77486*m**2 - 774857*m - 12. Calculate o(-10).
-42
Let z(b) = -16*b**2 + 7792*b + 87654. What is z(498)?
6
Let s(w) = -w**2 - 4904*w + 49166. Determine s(10).
26
Let d(x) = -x**2 - 1946*x - 3885. Calculate d(-2).
3
Let j(a) = -a**3 - 21*a**2 - 115*a - 181. Determine j(-14).
57
Let y(b) = 310*b + 148482. What is y(-480)?
-318
Let n(s) = -s**2 + 2931*s - 23395. Determine n(8).
-11
Let y(x) = -5*x**2 - 8*x + 25. What is y(-6)?
-107
Let b(q) = 4*q**3 - q**2 - 7995*q - 23987. Determine b(-3).
-119
Let v(k) = -3*k**3 - 82*k**2 - 337*k + 154. Calculate v(-22).
-176
Let k(t) = 46*t**2 + 5010*t - 395. What is k(-109)?
41
Let t(o) = -1985*o + 22877. Calculate t(12).
-943
Let v(l) = -20*l**2 - 3222*l - 291. Determine v(-161).
31
Let d(c) = 486*c**2 + 56396*c + 2328. Calculate d(-116).
8
Let f(v) = 4*v**2 - 480*v - 34035. Give f(170).
-35
Let m(o) = 113*o**2 + 60617*o - 34377. Give m(-537).
-9
Let c(s) = 4*s**3 + 736*s**2 - 107*s - 19697. Give c(-184).
-9
Let z(r) = 34794*r + 1252507. What is z(-36)?
-77
Let s(q) = 15*q**2 + 377*q - 128. Calculate s(-16).
-2320
Let x(n) = n**2 - 244*n - 7628. Calculate x(-28).
-12
Let v(i) = 5*i**2 - 114*i + 583. Determine v(14).
-33
Let u(v) = -2*v**3 - 21*v**2 + 476*v - 1458. What is u(4)?
-18
Let h(m) = -28*m**2 - 5874*m + 1037. Determine h(-210).
-223
Let z(x) = x**3 + 75*x**2 + 200*x - 174. Determine z(-72).
978
Let m(n) = 382*n - 79849. Give m(209).
-11
Let p(n) = n**3 + n**2 - 543*n - 3. Calculate p(0).
-3
Let m(d) = -23457*d - 1571627. Calculate m(-67).
-8
Let t(o) = 129*o**3 + 402*o**2 + 284*o + 3. Determine t(-2).
11
Let r(l) = 7*l**3 - 110*l**2 - 26*l - 108. Determine r(16).
-12
Let y(a) = a**3 - 13*a**2 - 965*a + 12546. Calculate y(13).
1
Let v(d) = -195*d + 6107. What is v(33)?
-328
Let i(q) = -1929*q + 82936. Determine i(43).
-11
Let x(l) = -3*l**2 + 1351*l - 8016. Calculate x(6).
-18
Let s(h) = -65*h**2 - 32496*h + 2005. Determine s(-500).
5
Let f(z) = -868593*z + 7817332. Determine f(9).
-5
Let o(d) = 17715*d - 141740. Calculate o(8).
-20
Let m(a) = -16*a**3 + 10*a**2 + 91*a - 349. Calculate m(3).
-418
Let f(v) = v**2 - 3465*v + 38122. Calculate f(11).
128
Let s(m) = m**3 + 177*m**2 + 1022*m - 599. What is s(-171)?
85
Let b(o) = -113*o + 5077. What is b(47)?
-234
Let n(u) = u**3 - 31*u**2 - 60*u + 29. Give n(33).
227
Let f(b) = b**2 - 20*b + 437. Determine f(10).
337
Let k(t) = -2*t**3 + 65*t**2 + 929*t - 1102. Give k(43).
16
Let v(y) = 7*y**3 + 41*y**2 + 425*y + 5612. What is v(-9)?
5
Let p(x) = -7*x**2 + 620*x + 623. Give p(-1).
-4
Let h(f) = -207*f**2 + 1044*f - 2106. Give h(2).
-846
Let o(h) = -2*h**2 + 94137*h - 2916345. Calculate o(31).
-20
Let v(t) = -3*t**2 - 103*t - 121. Determine v(-34).
-87
Let m(v) = -7*v**2 + 10141*v - 40463. Calculate m(4).
-11
Let h(d) = -27532*d + 3303827. Calculate h(120).
-13
Let y(u) = -2*u**3 - 18*u**2 + 443*u + 4110. Determine y(-10).
-120
Let t(v) = -64*v - 542. Determine t(-5).
-222
Let p(r) = -13*r**3 - 542*r**2 + 162*r - 278. Calculate p(-42).
-26
Let g(p) = -18483*p + 37183. What is g(2)?
217
Let j(z) = -z**3 + 91*z**2 - 139*z + 4321. Determine j(90).
-89
Let c(j) = -2*j**2 - 330*j + 6301. Give c(20).
-1099
Let c(b) = 781*b**2 - 7808*b + 14. What is c(10)?
34
Let p(u) = 247*u**2 - 2858*u - 4598. Give p(13).
-9
Let s(o) = 68*o + 975. Determine s(-15).
-45
Let p(g) = 13*g**2 + 39*g - 811. Give p(-12).
593
Let f(h) = 13*h**2 - 3957*h + 20945. What is f(299)?
15
Let g(h) = -18*h**2 - 2053*h + 110. Calculate g(-114).
224
Let n(c) = -15*c**2 - 20178*c - 299302. Give n(-15).
-7
Let c(p) = p**3 - 48*p**2 - 63*p + 5151. Give c(47).
-19
Let g(k) = -100212*k - 501178. Calculate g(-5).
-118
Let z(r) = -r**3 + 66*r**2 - 1047*r - 949. Determine z(37).
13
Let c(y) = 12*y**2 - 1904*y - 10488. Give c(164).
8
Let h(q) = -2164*q - 55938. What is h(-26)?
326
Let l(n) = 14*n**3 + 159*n**2 - 400*n - 3560. Determine l(-12).
-56
Let k(g) = -10619*g + 61836. What is k(6)?
-1878
Let s(w) = -2298*w + 399839. Give s(174).
-13
Let a(o) = -2*o**3 + 4*o**2 - 289*o - 1306. Determine a(-4).
42
Let t(s) = s**2 + 10232*s - 40951. What is t(4)?
-7
Let z(m) = -6*m**3 - 9*m**2 - 63*m + 411. Give z(6).
-1587
Let l(i) = -37*i - 471. What is l(-30)?
639
Let s(b) = -3*b**2 + 2867*b - 128120. Give s(47).
2
Let m(x) = -442*x - 26817. What is m(-61)?
145
Let r(b) = -379*b - 67304. Give r(-177).
-221
Let l(u) = -10696*u**2 + 352977*u - 285. Give l(33).
12
Let g(k) = -864857*k + 864858. Determine g(1).
1
Let v(n) = 122062*n - 244126. Calculate v(2).
-2
Let q(f) = 3952*f - 11856. Give q(3).
0
Let l(v) = -v**3 - 145*v**2 - 1833*v - 140. What is l(-131)?
-271
Let w(q) = q**3 + 69*q**2 - 694*q + 734. Calculate w(-78).
110
Let c(g) = -157*g - 4815. Calculate c(-31).
52
Let l(a) = 4863*a + 4919. Determine l(-1).
56
Let n(m) = 3*m**3 + 641*m**2 - 852*m + 1729. What is n(-215)?
9
Let i(m) = -12*m**2 - 337*m - 753. Determine i(-24).
423
